inder when p is divided by 20.
19
Let l(q) = 7414 - 7195 + 16*q - 7*q. Calculate the remainder when 88 is divided by l(-22).
4
Let y = 1959 + -1866. Suppose 2*o - 2*w + 0 = -6, 3*o = w + 1. Suppose -96 = -o*m - 2*m. What is the remainder when y is divided by m?
21
Suppose -2*n + 5322 = 5*j, -12*j + 15*j + 5274 = 2*n. What is the remainder when n is divided by 53?
49
Let j = 234 + -225. Suppose -j*r = -4*r - 715. Calculate the remainder when r is divided by 18.
17
Let y be 6 - 46/((-4)/4). What is the remainder when 6508/y - (4/(-13))/(-2) is divided by 42?
41
Suppose -2*b = -6*b - 52. Let t(d) = d**2 - 13*d - 2. Calculate the remainder when t(b) is divided by 26.
24
Let f = 4970 + -4496. What is the remainder when f is divided by 47?
4
Let l = 1854 - -649. What is the remainder when l is divided by 14?
11
What is the remainder when 546/(-42) - (-4302 + 3) is divided by 13?
9
Let u = -41031 - -41156. What is the remainder when 3997 is divided by u?
122
Suppose -1368 - 480 = -14*b. Let d = 137 - b. Calculate the remainder when d is divided by 5.
0
Suppose 4*z = 5*z - 44. What is the remainder when z is divided by 10 + (20520/75)/18 - (-6)/(-5)?
20
Let h = 144 + -142. Suppose -64 = -2*s - 2*v, -h*s + 98 = v + 29. Calculate the remainder when 59 is divided by s.
22
Suppose 0 = 4*z + 47 - 7. Let a(j) = -j**2 - 30*j - 6. What is the remainder when a(z) is divided by 50?
44
Let w = 49 + -15. Let y = w - 48. What is the remainder when (66/14 + (-4)/y)*1 is divided by 3?
2
Suppose 3*f - 1018 = 2*d, 4*d = -5*f + 2296 - 570. Calculate the remainder when -67 + f + (1 - 2) is divided by 12.
10
Let n = 6203 + -6173. Calculate the remainder when (1*4)/(14/511) is divided by n.
26
Let g = 5822 + -5201. Calculate the remainder when g is divided by 33.
27
Let p(h) = 102 + 44680*h - 44737*h - 2*h**2 + 57. What is the remainder when p(-29) is divided by 66?
64
Suppose -3*o + 1518 = 3*i, -o + 476 = 120*i - 124*i. What is the remainder when o is divided by 226?
48
Let h(g) = -398*g - 6. Let k be h(-1). Let w = k - 369. Calculate the remainder when 121 is divided by w.
6
Let h(u) = 13*u - 16. Suppose -n = -5*n. Suppose 4*z + 4 = -2*v, -5*z + 4 - 19 = n. Calculate the remainder when 70 is divided by h(v).
34
Let v = 4533 - 4463. Calculate the remainder when 1255 is divided by v.
65
Let a(g) = -g**2 - 31*g + 31. Suppose p + 288 = -11*p. Let q be a(p). Suppose 2 - 5 = m, -m - q = -4*y. Calculate the remainder when 195 is divided by y.
48
Let x(c) = 9*c**2 - 78*c - 11. What is the remainder when 541 is divided by x(10)?
105
Suppose -1615 = 237*d - 30529. What is the remainder when 2682 is divided by d?
120
Suppose 36*i - 37*i + 126 = -2*k, 3*i = k + 358. Calculate the remainder when 331 is divided by i.
95
Let p be 5260/11 + (395/(-55) - -7). Let x = -65 + p. What is the remainder when x is divided by 69?
68
Suppose 4259*f - 4277*f = -12618. What is the remainder when f is divided by 38?
17
Suppose -11*y + 46*y - 21105 = 0. What is the remainder when y is divided by 152?
147
What is the remainder when 2273 is divided by 760/100*5 - -19?
50
Suppose 29059 + 18237 = 45*b - 4364. Calculate the remainder when b is divided by 13.
4
Suppose -4*g + 2*s = -g - 43, 3*g - 44 = s. Calculate the remainder when 2541 is divided by g.
6
Let t(u) = 4*u + 1. Let r(a) = a**2 + 2*a - 1. Let x be r(0). Let j be t(x). What is the remainder when 4 + 46 + (-9)/j is divided by 28?
25
Suppose 0 = -14*t + 5*t + 36. Suppose -4*u = -u - 9. Let z = t + u. Calculate the remainder when 15 is divided by z.
1
Let h(x) = -x - 24 + 9*x - 4*x + x**3 - 9*x**2 + 8 + 3*x. Calculate the remainder when 90 is divided by h(9).
43
Suppose -1360 + 1355 = -y. What is the remainder when 910 is divided by y*(-9)/(180/(-76))?
17
Suppose -l - 638 = -4*b - 3*l, -b - 4*l + 156 = 0. Suppose -146 = -3*p + 6*r - r, 2*r - b = -3*p. Calculate the remainder when p is divided by 11.
8
Let y(u) = -268*u + 633. What is the remainder when 201 is divided by y(2)?
7
Let w(m) = -6*m - 50. Let q be w(-9). Let d be 10/20 + 14/q. Suppose 4*z + u + 4*u = 164, 5*z = d*u + 164. Calculate the remainder when z is divided by 19.
17
Let o = 887 - 855. Suppose 0 = -6*p + 542 + 412. Calculate the remainder when p is divided by o.
31
Suppose 2*w = 7*w - 145. Let b(n) = n**3 - 5*n**2 - 5*n - 12. Let k be b(6). Let g(p) = -p**2 - 7*p + 10. What is the remainder when w is divided by g(k)?
13
What is the remainder when 500 is divided by (-5)/(-20) + (-10759)/(-212)?
41
Let p(z) = 19*z - 39. Let a(s) = -s**3 - 10*s**2 + 2*s + 23. Let n be a(-10). Calculate the remainder when 51 is divided by p(n).
15
Let l = 1510 + -1071. Let o = -360 + l. What is the remainder when o is divided by 16?
15
Let u(n) = n**3 + 11*n**2 + 12*n - 45. Calculate the remainder when 1138 is divided by u(-7).
66
Suppose 197 = 2*p + 5*z, -3522*p + 3523*p + 4*z - 100 = 0. What is the remainder when 1071 is divided by p?
15
Suppose 0 = -3*b - 6 - 9, -250 = 3*g + 2*b. Suppose -3*z + 59 = q + 17, 28 = 2*z - 3*q. Calculate the remainder when z is divided by 4/(60/g*16/(-18)).
2
What is the remainder when 705 is divided by (27/(-36))/(120/64) - (-1524)/10?
97
Let l = -395718 + 395758. Calculate the remainder when (-5016)/(-14) + 2/(-7) is divided by l.
38
Suppose -49*l = -245*l + 5292. What is the remainder when 1187 is divided by l?
26
Let o(l) = -51*l - 686. Calculate the remainder when 6100 is divided by o(-14).
24
Let m(a) = -3*a + 76. Let g be 160/64 - (-10)/(-4). Calculate the remainder when m(g) is divided by 13.
11
Suppose -3*m - 113 = -4*m. Let n(p) = 6*p**3 + 40*p**2 - 241*p + 16. Calculate the remainder when n(5) is divided by m.
109
Let g = -15859 - -18398. Calculate the remainder when g is divided by 41.
38
What is the remainder when 1958*10/20 - -5 is divided by 325?
9
Suppose 2*b - 29 = 3*j + 42, 2*b - 5*j = 69. Let p be (-3 + (-18)/8)/(6/(-16)). Suppose 11*r - p*r + 441 = 0. Calculate the remainder when r is divided by b.
36
Suppose 154 = 2*d - 2*k, -4*d + 2*k + 305 = -k. Let f = 36 - d. Let o = f - -59. Calculate the remainder when 37 is divided by o.
16
Suppose -5*j - 4 = a + 7, 4*j - a = -16. Calculate the remainder when 4 + 4/j*-15 is divided by 7.
3
Suppose 0 = 76*g - 80*g + 3*o + 11184, g - 2801 = 2*o. What is the remainder when g is divided by 22?
21
Let c(h) = -h**3 - 24*h**2 - 5*h - 31. Let q(l) = l - 30. Let x = -36 - -42. Let b be q(x). What is the remainder when c(b) is divided by 15?
14
Suppose -5*m = -3*b - 3771 - 1240, -3*b = m - 977. What is the remainder when m is divided by 77?
74
Suppose 11 - 4 = j + 5*a, -a = 2*j - 5. Suppose 0 = d - 4*k - 38, j*k = -5*d + 37 + 65. Calculate the remainder when 85 is divided by d.
19
Suppose 2*z = -0*z + 54. Suppose 2*y = 2*p + 7*y + 283, 524 = -4*p + 4*y. Let b = p + 148. What is the remainder when z is divided by b?
13
Suppose 4*y + 4*p + 856 = 0, -p - 160 = 3*y + 492. Let c = y - -240. Calculate the remainder when c is divided by 11.
10
Let o(g) = -g - 16. Let k be o(-18). Suppose k*s = -s - 4*u - 111, -4*s = 4*u + 144. Let r = -19 - s. Calculate the remainder when 40 is divided by r.
12
Let c(w) = 5*w + 23. Let i be c(-4). What is the remainder when 186 is divided by (517/22)/(i/6)?
45
Let g = -2011 + 2174. What is the remainder when 2633 is divided by g?
25
Let h(k) = k**2 + 4. What is the remainder when h(7) is divided by (-7 - 427/(-28))/(9/12)?
9
Let c = 6132 - 6038. Calculate the remainder when 1125 is divided by c.
91
Let t = 6345 + -6331. What is the remainder when 264 is divided by t?
12
Let p(x) = x**3 + 13*x**2 + 11*x - 16. Let q be p(-12). Let b = 2 - 3. What is the remainder when 59*(b - q - 2) is divided by 15?
14
Suppose l + 3*k = 8, 0 = 4*l + l + 5*k - 20. Suppose -2*z = -p + 10, 2*p = -l*p + 2*z + 70. Let s = -101 - -105. What is the remainder when p is divided by s?
0
Let l(j) = 6*j**2 + 3*j - 2. Calculate the remainder when l(4) is divided by (-85 + 33 - (-1 + 0))*8/(-6).
38
Let a = 34 - 8. What is the remainder when ((-3612)/(-147))/((-84)/(-441)) is divided by a?
25
Let v be 9 + -11 - 4*(-14)/(-4). Calculate the remainder when (1352/v)/(1/(-2)) is divided by 45.
34
Suppose -23884*t + 190 = -23874*t. Calculate the remainder when 341 is divided by t.
18
Let z = -328 - -324. What is the remaind